{"id":200,"date":"2025-06-11T12:47:41","date_gmt":"2025-06-11T12:47:41","guid":{"rendered":"https:\/\/www.oursandbeyond.com\/?page_id=200"},"modified":"2025-08-01T16:46:15","modified_gmt":"2025-08-01T16:46:15","slug":"conhecerasolange","status":"publish","type":"page","link":"https:\/\/www.oursandbeyond.com\/?page_id=200","title":{"rendered":"Conhecer a Solange"},"content":{"rendered":"\t\t<div data-elementor-type=\"wp-page\" data-elementor-id=\"200\" class=\"elementor elementor-200\" data-elementor-post-type=\"page\">\n\t\t\t\t<div class=\"elementor-element elementor-element-d4fab55 e-con-full e-flex e-con e-parent\" data-id=\"d4fab55\" data-element_type=\"container\" data-e-type=\"container\" data-settings=\"{&quot;background_background&quot;:&quot;classic&quot;}\">\n\t\t<div class=\"elementor-element elementor-element-d26c30a e-con-full e-flex e-con e-child\" data-id=\"d26c30a\" data-element_type=\"container\" data-e-type=\"container\">\n\t\t\t\t<div class=\"elementor-element elementor-element-836fefa elementor-widget elementor-widget-spacer\" data-id=\"836fefa\" data-element_type=\"widget\" data-e-type=\"widget\" data-widget_type=\"spacer.default\">\n\t\t\t\t<div class=\"elementor-widget-container\">\n\t\t\t\t\t\t\t<div class=\"elementor-spacer\">\n\t\t\t<div class=\"elementor-spacer-inner\"><\/div>\n\t\t<\/div>\n\t\t\t\t\t\t<\/div>\n\t\t\t\t<\/div>\n\t\t\t\t<div class=\"elementor-element elementor-element-d69d131 elementor-widget elementor-widget-text-editor\" data-id=\"d69d131\" data-element_type=\"widget\" data-e-type=\"widget\" data-widget_type=\"text-editor.default\">\n\t\t\t\t<div class=\"elementor-widget-container\">\n\t\t\t\t\t\t\t\t\t<p>Solange Carmo<\/p>\t\t\t\t\t\t\t\t<\/div>\n\t\t\t\t<\/div>\n\t\t\t\t<div class=\"elementor-element elementor-element-723ff19 elementor-widget-mobile__width-initial elementor-widget elementor-widget-text-editor\" data-id=\"723ff19\" data-element_type=\"widget\" data-e-type=\"widget\" data-widget_type=\"text-editor.default\">\n\t\t\t\t<div class=\"elementor-widget-container\">\n\t\t\t\t\t\t\t\t\t<p>&#8220;A beleza est\u00e1 nos detalhes. E o amor, em tudo o que \u00e9 feito com alma. &#8220;<\/p>\t\t\t\t\t\t\t\t<\/div>\n\t\t\t\t<\/div>\n\t\t\t\t<div class=\"elementor-element elementor-element-cb28c98 elementor-widget__width-initial elementor-widget elementor-widget-text-editor\" data-id=\"cb28c98\" data-element_type=\"widget\" data-e-type=\"widget\" data-widget_type=\"text-editor.default\">\n\t\t\t\t<div class=\"elementor-widget-container\">\n\t\t\t\t\t\t\t\t\t<p class=\"p1\">Antes de fundar a <strong>Ours&amp;Beyond<\/strong>, trabalhei em diversos sectores do relacionamento com o cliente, voei pelo mundo como tripulante de cabine, e atravessei o mundo , escutando hist\u00f3rias, acolhendo emo\u00e7\u00f5es e cuidando com dedica\u00e7\u00e3o mesmo em momentos mais desafiantes.<\/p><p class=\"p1\">Mas muito antes disso j\u00e1 era movida por algo maior: a vontade de fazer diferente, de me entregar com verdade e generosidade e de fazer com que quem cruza o meu caminho se sinta valorizado e respeitado.<\/p><p class=\"p1\">Formei-me como Wedding Planner e criei a minha marca que reflete tudo aquilo em que acredito:<br \/>&#8211; que o amor deve ser celebrado com inten\u00e7\u00e3o<br \/>&#8211; Que os eventos podem ser experiencias com alma<br \/>&#8211; Que o verdadeiro luxo est\u00e1 na autenticidade, no cuidado e na honestidade.<\/p>\t\t\t\t\t\t\t\t<\/div>\n\t\t\t\t<\/div>\n\t\t\t\t<div class=\"elementor-element elementor-element-30ff4a9 elementor-widget elementor-widget-spacer\" data-id=\"30ff4a9\" data-element_type=\"widget\" data-e-type=\"widget\" data-widget_type=\"spacer.default\">\n\t\t\t\t<div class=\"elementor-widget-container\">\n\t\t\t\t\t\t\t<div class=\"elementor-spacer\">\n\t\t\t<div class=\"elementor-spacer-inner\"><\/div>\n\t\t<\/div>\n\t\t\t\t\t\t<\/div>\n\t\t\t\t<\/div>\n\t\t\t\t<div class=\"elementor-element elementor-element-131ce6a elementor-widget__width-initial elementor-widget-tablet__width-inherit elementor-widget-mobile__width-initial elementor-widget elementor-widget-text-editor\" data-id=\"131ce6a\" data-element_type=\"widget\" data-e-type=\"widget\" data-widget_type=\"text-editor.default\">\n\t\t\t\t<div class=\"elementor-widget-container\">\n\t\t\t\t\t\t\t\t\t<p>A Ours and Beyond Bespoke Weddings and Events \u00e9 o reflexo mais puro da minha ess\u00eancia. Uma marca onde transformo hist\u00f3rias em mem\u00f3rias, emo\u00e7\u00f5es em detalhes e sonhos em realidade.<\/p>\t\t\t\t\t\t\t\t<\/div>\n\t\t\t\t<\/div>\n\t\t\t\t<div class=\"elementor-element elementor-element-76c31cd elementor-widget__width-initial elementor-widget-tablet__width-initial elementor-widget-mobile__width-initial elementor-widget elementor-widget-text-editor\" data-id=\"76c31cd\" data-element_type=\"widget\" data-e-type=\"widget\" data-widget_type=\"text-editor.default\">\n\t\t\t\t<div class=\"elementor-widget-container\">\n\t\t\t\t\t\t\t\t\t<p class=\"p1\"><strong>&#8211; M\u00e3e da Ol\u00edvia:<\/strong> a minha maior inspira\u00e7\u00e3o para deixar um legado. Com ela aprendi o valor da presen\u00e7a, da entrega e da beleza dos gestos mais simples.<br \/><br \/><strong>&#8211; Amor pelos animais:<\/strong> a minha cadela Francesca, \u00e9 presen\u00e7a e afeto. \u00c9 a minha fiel companheira que espelha o meu amor pelos animais e a conex\u00e3o emocional que atravessa esp\u00e9cies.<br \/><br \/><strong>&#8211; Conex\u00e3o com a Natureza:<\/strong> cresci na cidade, com uma veia muito cosmopolita no entanto nos \u00faltimos anos e desde que me mudei para o campo vejo a natureza como um ref\u00fagio. A brisa do campo, as folhas verdes, as \u00e1rvores antigas, inspiram-me a criar com mais serenidade.<br \/><br \/><strong>&#8211; Encantada por Pal\u00e1cios e Hist\u00f3ria:<\/strong> desde pequena que me fascinam os lugares com mem\u00f3ria, com camadas, com alma. Os Pal\u00e1cios, Castelos, os tra\u00e7os do tempo e o patrim\u00f3nio hist\u00f3rico ainda hoje influenciam diretamente o meu olhar est\u00e9tico e sens\u00edvel.<\/p>\t\t\t\t\t\t\t\t<\/div>\n\t\t\t\t<\/div>\n\t\t\t\t<div class=\"elementor-element elementor-element-03dd211 elementor-widget elementor-widget-spacer\" data-id=\"03dd211\" data-element_type=\"widget\" data-e-type=\"widget\" data-widget_type=\"spacer.default\">\n\t\t\t\t<div class=\"elementor-widget-container\">\n\t\t\t\t\t\t\t<div class=\"elementor-spacer\">\n\t\t\t<div class=\"elementor-spacer-inner\"><\/div>\n\t\t<\/div>\n\t\t\t\t\t\t<\/div>\n\t\t\t\t<\/div>\n\t\t\t\t<div class=\"elementor-element elementor-element-ab59645 elementor-widget elementor-widget-button\" data-id=\"ab59645\" data-element_type=\"widget\" data-e-type=\"widget\" data-widget_type=\"button.default\">\n\t\t\t\t<div class=\"elementor-widget-container\">\n\t\t\t\t\t\t\t\t\t<div class=\"elementor-button-wrapper\">\n\t\t\t\t\t<a class=\"elementor-button elementor-button-link elementor-size-sm\" href=\"http:\/\/www.oursandbeyond.com\">\n\t\t\t\t\t\t<span class=\"elementor-button-content-wrapper\">\n\t\t\t\t\t\t\t\t\t<span class=\"elementor-button-text\">VOLTAR<\/span>\n\t\t\t\t\t<\/span>\n\t\t\t\t\t<\/a>\n\t\t\t\t<\/div>\n\t\t\t\t\t\t\t\t<\/div>\n\t\t\t\t<\/div>\n\t\t\t\t<\/div>\n\t\t\t\t<\/div>\n\t\t\t\t<\/div>\n\t\t","protected":false},"excerpt":{"rendered":"<p>Solange Carmo &#8220;A beleza est\u00e1 nos detalhes. E o amor, em tudo o que \u00e9 feito com alma. &#8220; Antes de fundar a Ours&amp;Beyond, trabalhei em diversos sectores do relacionamento com o cliente, voei pelo mundo como tripulante de cabine, e atravessei o mundo , escutando hist\u00f3rias, acolhendo emo\u00e7\u00f5es e cuidando com dedica\u00e7\u00e3o mesmo em [&hellip;]<\/p>\n","protected":false},"author":1,"featured_media":0,"parent":0,"menu_order":0,"comment_status":"closed","ping_status":"closed","template":"elementor_header_footer","meta":{"footnotes":""},"class_list":["post-200","page","type-page","status-publish","hentry"],"_links":{"self":[{"href":"https:\/\/www.oursandbeyond.com\/index.php?rest_route=\/wp\/v2\/pages\/200","targetHints":{"allow":["GET"]}}],"collection":[{"href":"https:\/\/www.oursandbeyond.com\/index.php?rest_route=\/wp\/v2\/pages"}],"about":[{"href":"https:\/\/www.oursandbeyond.com\/index.php?rest_route=\/wp\/v2\/types\/page"}],"author":[{"embeddable":true,"href":"https:\/\/www.oursandbeyond.com\/index.php?rest_route=\/wp\/v2\/users\/1"}],"replies":[{"embeddable":true,"href":"https:\/\/www.oursandbeyond.com\/index.php?rest_route=%2Fwp%2Fv2%2Fcomments&post=200"}],"version-history":[{"count":161,"href":"https:\/\/www.oursandbeyond.com\/index.php?rest_route=\/wp\/v2\/pages\/200\/revisions"}],"predecessor-version":[{"id":1640,"href":"https:\/\/www.oursandbeyond.com\/index.php?rest_route=\/wp\/v2\/pages\/200\/revisions\/1640"}],"wp:attachment":[{"href":"https:\/\/www.oursandbeyond.com\/index.php?rest_route=%2Fwp%2Fv2%2Fmedia&parent=200"}],"curies":[{"name":"wp","href":"https:\/\/api.w.org\/{rel}","templated":true}]}}